 - (-52 + 2). Calculate the greatest common divisor of h and v.
26
Let c be (-55426)/(-28) + -10 + (-3)/2. What is the greatest common divisor of c and 144?
48
Suppose z - 5*l + 170 = -0*z, -470 = 3*z - 5*l. Let o = -70 - z. Calculate the highest common divisor of o and 32.
16
Suppose -195 = -387*r + 348*r. Let a be 1/(-6) + (-25)/(-6). What is the highest common factor of a and r?
1
Suppose 4*u + 508 = -u + 1288. What is the highest common divisor of u and 28?
4
Suppose 5648 = -13*k + 8404. Calculate the greatest common factor of k and 3286.
106
Suppose -2*x + 1 = -3*l, -l + 0*l + 18 = 3*x. Suppose -5*r + 4*o = x*o - 216, 0 = 3*o - 3. Calculate the highest common factor of r and 43.
43
Let x(s) = -48*s + 223. Let u(w) = 16*w - 74. Let i(r) = -11*u(r) - 4*x(r). Let f be i(7). What is the greatest common factor of 238 and f?
34
Let o(l) = -l**3 - 51*l**2 - 273*l + 102. Let x be o(-45). What is the greatest common divisor of x and 3?
3
Let c(o) = -11*o**2 + 114*o - 4. Let z be c(10). Calculate the greatest common divisor of z and 4068.
36
Let g(c) be the second derivative of 9*c**4/4 + 5*c**3/3 + 26*c. Let o be g(-1). What is the highest common divisor of o and 34?
17
Let k = 391 + -293. Let q = k + 289. Calculate the highest common divisor of q and 9.
9
Let d = -5640 - -7940. What is the highest common factor of 450 and d?
50
Let m be (-18832)/(-321) - ((-14)/6 + 1). Suppose -82*u = -84*u + m. Calculate the greatest common factor of 12 and u.
6
Let j = -9503 - -10889. What is the highest common factor of j and 539?
77
Suppose 0 = i - 3*z + z + 217, 0 = -4*i + 3*z - 848. Let p = i - -264. Calculate the greatest common divisor of 110 and p.
55
Let g(a) = -11*a - 153. Let l be g(-27). Calculate the greatest common factor of 4496 and l.
16
Let i = 50 + -7. Let f = -734 + 949. Calculate the greatest common divisor of i and f.
43
Suppose 0 = 2*t - c - c + 1010, 5*t + 2531 = 2*c. Let r = t + 1270. Suppose 0 = 4*b + r - 1947. What is the highest common divisor of 37 and b?
37
Let c(x) = -2*x**2 + 43*x + 74. Let g be c(22). What is the greatest common factor of g and 13?
13
Let s(g) = g**3 - 6*g**2 + 9*g - 8. Let r be s(8). Let m(p) = 125*p - 863. Let k be m(7). Calculate the highest common divisor of k and r.
12
Let j = 75 - 76. Let i(p) = 16*p**2 + 5*p + 5. Let u be i(j). What is the greatest common factor of u and 24?
8
Let y = -2335 - -2993. What is the highest common factor of y and 42?
14
Let q(r) = -280*r - 23500. Let a be q(-86). Let w = -42 + 102. What is the highest common factor of a and w?
20
Let n = 28 - 6. Let k = n + -13. Let b(d) = -d**3 + 28*d**2 + 29*d + 3. Let o be b(29). Calculate the highest common factor of k and o.
3
Let i(f) = 113*f - 129. Let q be i(1). Suppose 2*a - l = a - 69, -5*l = -2*a - 135. Let n = q - a. Calculate the highest common factor of 54 and n.
54
Suppose 3*f = -0*f + 4*t + 12, f - 4 = 2*t. Suppose -f*m + 180 = 5*m. What is the highest common divisor of 135 and m?
5
Suppose 69*q - 1465 = -5*j + 64*q, -5*j + 1464 = 4*q. What is the greatest common divisor of j and 2263?
73
Suppose 2*v + 5*m - 107 = 0, -2*m + 151 = 3*v - 4*m. Suppose -8*j + v = -165. Let z be (6/(-4))/(1/(-2)). Calculate the highest common factor of j and z.
3
Let m(a) = -9*a**3 - 82*a**2 + 9*a - 34. Let o be m(-11). Calculate the highest common factor of 65 and o.
13
Suppose 660 = -10*w + 39*w - 7*w. Calculate the highest common divisor of w and 225.
15
Let v(p) = p**2 + 2*p - 17. Let g be v(4). Suppose -g + 3 = -r. Suppose n + 223 = r*d, 3*d + 3*n = -2*d + 266. What is the highest common factor of d and 22?
11
Let q be 8543/63*9 + (-9)/21. Calculate the greatest common factor of q and 5612.
244
Let k(m) = -257*m - 1263. Let l be k(-5). What is the greatest common divisor of 88 and l?
22
Let v be 26/((-26)/5)*-9. Let q(z) = z**3 + 10*z**2 + 10*z - 1. Let h be q(-8). Let x = -29 + h. What is the greatest common factor of x and v?
9
Suppose -101*k = -5*c - 100*k + 2476, 1476 = 3*c + k. Let m(f) = f**3 + 9*f**2 + 9*f + 3. Let i be m(-7). Calculate the greatest common factor of i and c.
38
Suppose 4*v + 7*x - 2064 = 5*x, 3*v + 2*x - 1548 = 0. Suppose -843 = -5*r - 4*g, 0*r - 3*r + g = -v. Calculate the highest common factor of 6 and r.
3
Let i = 3710 + -3255. What is the highest common factor of 325 and i?
65
Let j be (1 - -1)*(-73525)/(-50). What is the highest common factor of j and 17?
17
Suppose -235*x = -239*x + 17376. Calculate the greatest common divisor of 36 and x.
12
Let c be ((-17110)/(-6))/((-29)/(-87)). Calculate the highest common factor of c and 145.
145
Suppose 40 = 10*m - 250. Let z = 57 - m. Let b = -22 - -36. Calculate the greatest common factor of b and z.
14
Let j(v) = -v**2 + 28*v - 87. Let a be j(21). Suppose 3*w = -3 - 0, -3*n + 195 = -3*w. Let b = n - a. What is the highest common factor of b and 12?
4
Let i(h) = -h**2 + 29*h + 13. Let m be i(20). Suppose -m + 175 = -2*w. Calculate the greatest common factor of w and 45.
9
Suppose 75*l - 17*l - 22222 = 17*l. Calculate the highest common divisor of l and 18157.
271
Let z = -6580 - -6884. What is the highest common factor of 342 and z?
38
Let s be (-12 - 2/2)/(42 - 43). Calculate the greatest common divisor of 689 and s.
13
Suppose 5*h = -r - 7245 + 95027, -17572 = -h + 5*r. Calculate the highest common divisor of h and 181.
181
Let y(b) = b**3 - 12*b**2 - 51*b + 772. Let o be y(9). What is the greatest common factor of o and 2898?
14
Suppose r + r - 52 = 0. Let p = -22 + r. Suppose u + 2*g - 89 = 0, p*g = -3*u - 2*u + 475. Calculate the greatest common divisor of u and 9.
9
Let n be (-418)/4 + (-6)/4 + 2. Let j = -39 - n. What is the greatest common divisor of 52 and j?
13
Suppose -9*l = -6095 - 79333. Calculate the highest common divisor of 84 and l.
84
Let p(o) = 108*o - 610. Let x(h) = -37*h + 203. Let y(c) = -3*p(c) - 10*x(c). Let u be y(5). Calculate the highest common factor of u and 6.
6
Suppose 4*q + 5*t = 79, q - 4*q + 5*t = -68. Let d be 77/5 + q/35. What is the greatest common divisor of d and 10?
2
Suppose 12 = 7*d - 3*d. Suppose 5*u = -5*a + 140, -2*a + d*u + 12 + 19 = 0. What is the greatest common factor of 184 and a?
23
Suppose 44 - 9 = -7*y. Let x be -3 - (-96 - (-25)/y). What is the greatest common divisor of 42 and x?
14
Suppose 12*y - 940 = -616 + 1116. Calculate the greatest common divisor of y and 45.
15
Let m = -7635 - -7765. What is the greatest common factor of m and 3490?
10
Suppose 0*j = -5*j - 10. Let o be j - 0 - (-11 + 0). Let n(p) = p**3 - 8*p**2 - p - 2. Let u be n(o). Calculate the highest common factor of u and 10.
10
Let j = 374 + -703. Let z be (j/(-28) - 12)*-8*7. What is the greatest common divisor of 98 and z?
14
Let h = -67 + 63. Let c be ((-30)/(-9))/((-65)/15 - h). Let b = c - -17. What is the greatest common divisor of 35 and b?
7
Suppose -29 = -q + 5*d, -343*d = 5*q - 341*d - 10. What is the greatest common divisor of 964 and q?
4
Let a(m) = m**3 - 12*m**2 + 42*m + 17. Let b be a(5). What is the greatest common factor of 806 and b?
26
Suppose -9*q = -5*q - 4*a - 900, a = 4*q - 897. What is the highest common factor of q and 196?
28
Suppose 0 = w + 4*u - 8, 3*w - 29 = -5*u + 23. Let z = 87607 + -87583. What is the greatest common divisor of w and z?
24
Suppose -5*d - 6*j + 3936 = 0, 17*d - 18*d + 4*j + 808 = 0. What is the highest common factor of 616 and d?
88
Let d = 28 + -15. Let x be 1 - 140/14*-2. Let v = x - d. Calculate the greatest common divisor of 2 and v.
2
Suppose -164 - 502 = -2*i. Suppose -49*y + 518 = -35*y. Calculate the highest common factor of y and i.
37
Let z = -100501 + 100527. Let h = -55 - -81. Calculate the highest common divisor of h and z.
26
Suppose -y + 206 - 125 = 0. Suppose 10*s = 522 + 18. Calculate the highest common factor of s and y.
27
Let k be ((-6)/(-4))/(1/8). Let s(o) = -14*o**2 + 447*o + 76. Let p be s(32). What is the highest common factor of p and k?
4
Let l = -22377 + 22410. Calculate the highest common divisor of 5863 and l.
11
Let i(y) = -82*y**2 - 9*y - 14. Let d be i(-3). Let p = d + 1070. Calculate the highest common factor of 15 and p.
15
Suppose y = -4*f + 271 + 22, 0 = f - y - 67. Let q = -137 + 209. Calculate the highest common divisor of q and f.
72
Suppose 0 = c + v + 147 - 154